{"id":169,"date":"2017-11-19T20:54:49","date_gmt":"2017-11-19T20:54:49","guid":{"rendered":"http:\/\/hrc-halle.de\/?page_id=169"},"modified":"2022-05-19T08:43:15","modified_gmt":"2022-05-19T08:43:15","slug":"der-verein","status":"publish","type":"page","link":"https:\/\/hrc-halle.de\/?page_id=169","title":{"rendered":"Der Verein"},"content":{"rendered":"<p>Der Hallesche Ruderclub (HRC) besteht seit 1895. Mit dem Rudern kann man beginnen, sobald man kr\u00e4ftig genug ist, um ein Boot zu (mitzu-)tragen und auch wenn wir auf dem Wasser rudern, muss man schwimmen k\u00f6nnen. Ansonsten bieten wir Rudervergn\u00fcgen f\u00fcr Jung (<a href=\"#Kinder- und Jugendsport\"><strong>Kinder- und Jugendsport<\/strong><\/a>) und Alt (<a href=\"#Erwachsenensport\"><strong>Erwachsenensport<\/strong><\/a>). Dabei bietet der Rudersport einen Ausgleich zu \u00a0Schule, Studium und Beruf (<a href=\"#Freizeitrudern\"><strong>Freizeitrudern<\/strong><\/a> und <a href=\"#Wanderrudern\"><strong>Wanderrudern<\/strong><\/a>). Und wer Lust und Spa\u00df an Wettk\u00e4mpfen hat,\u00a0dem bieten wir <a href=\"#Rudern als Wettkampfsport\"><strong>Rudern als Wettkampsport<\/strong><\/a>.<\/p>\n<p>&nbsp;<\/p>\n<p>Entgegen dem r\u00fcckl\u00e4ufigen Trend von Mitgliederzahlen, w\u00e4chst unser Verein kontinuierlich. Derzeit haben wir \u00fcber 200 Mitglieder, davon ein Drittel Kinder und Jugendliche. Generell vertreten wir die Auffassung von Intergration statt Selektion. Sie wollen <a href=\"#Mitglied werden\"><strong>Mitglied werden<\/strong><\/a>? Dann sprechen Sie uns an. Anders als Laufen zum Bespiel ben\u00f6tigt der Rudersport viel Material (Boote, Ruder, Fitnessraum mit Ger\u00e4ten und Ruderergometer). Dabei sind wir stets auf die Unterst\u00fctzung durch <a href=\"#Partner und F\u00f6rderer\"><strong>Partner und F\u00f6rderer<\/strong><\/a> angewiesen.<\/p>\n<p>&nbsp;<\/p>\n<p><a id=\"Kinder- und Jugendsport\"><\/a><strong>Kinder- und Jugendsport<\/strong><br \/>\nUnseren Kindern- und Jugendlichen bieten wir nicht nur das Erlernen des Rudersports (Technik, Motorik, Fitness), sondern vermitteln auch das Verhalten in der Gruppe, pflegsamen Umgang mit Bootsmaterial, altersgerechter \u00dcbernahme von Verantwortung etc.<br \/>\nDar\u00fcber hinaus bieten wir allen, die wollen, die M\u00f6glichkeit an Wettk\u00e4mpfen (Ruderregatten) teilzunehmen. F\u00fcr die Vorbereitung ist dann regelm\u00e4\u00dfige Teilnahme an w\u00f6chentlichen Trainings Voraussetzung. Highlights f\u00fcr alle sind immer wieder Trainingswochenenden und Regatten meist in der Region.<\/p>\n<p>&nbsp;<\/p>\n<p><a id=\"Erwachsenensport\"><\/a><strong>Erwachsenensport<\/strong><br \/>\nZu den Erwachsenen z\u00e4hlen wir alle \u00fcber 19 Jahre. Wer nicht alleine rudert (die wenigsten) findet bei uns in verschiedene Gruppen sehr nette Gemeinschaften. Diese ordern sich vor allem in der Leistungsklasse (Fitness, Technik, Freizeit,&#8230;) ein.<\/p>\n<p>&nbsp;<\/p>\n<p><a id=\"Freizeitrudern\"><\/a><strong>Freizeitrudern<\/strong><br \/>\nRudern in Ihrer freien Zeit. Das bedeutet: Abschalten vom Alltag und beruflichem Stre\u00df. Bewegen Sie Sich nahezu ger\u00e4uschlos \u00fcber das Wasser und vereinen Sie Eleganz mit k\u00f6rperlicher Aktivit\u00e4t. \u00a0Geniessen Sie ein besonders sch\u00f6nes St\u00fcck Natur im Herzen von Halle.<\/p>\n<p>&nbsp;<\/p>\n<p><a id=\"Wanderrudern\"><\/a><strong>Wanderrudern<\/strong><br \/>\nLernen Sie noch ganz andere Rudergew\u00e4sser abseits unseres t\u00e4glichen Ruderrevieres zwischen Schleusengraben und Magistrale kennen.\u00a0Nehmen Sie ganz besondere und sch\u00f6ne Erlebnisse mit, die Ihnen unvergessen bleiben.<\/p>\n<p>&nbsp;<\/p>\n<p><a id=\"Rudern als Wettkampfsport\"><\/a><a href=\"http:\/\/hrc-halle.de\/?page_id=687\"><strong>Rudern als Wettkampfsport<\/strong><\/a><br \/>\nAus Sicht eines langj\u00e4hrigen Rennruderers: Rennrudern st\u00e4rkt die F\u00e4higkeit sich gezielt auf Ereignisse vorzubereiten. Als ambitionierter Wettkampfruderer sind nicht nur k\u00f6rperliche Leistungsf\u00e4higkeit gefragt, sondern auch Zeitmanagement und die Umgang mit Druck. Schule\/Studium\/ Beruf m\u00fcssen mit dem Sport (3x bis 8x pro Woche, je nachZiel) in Einklang gebracht werden. Einmal gelernt und gelebt profitiert man \u00a0diesen F\u00e4higkeiten sein Leben lang. \u00a0In der Regel liegt unserer Fokus auf der Teilnahme an den Landesmeisterschaft Sachsen-Anhalt. Einige der Wettkampfruderer des HRC sind noch st\u00e4rker ambitioniert (Deutsche Jugendmeisterschaften, Deutsche Hochschulmeisterschaften, Deutsche Masters, World Masters).<\/p>\n<p>&nbsp;<\/p>\n<p><a id=\"Mitglied werden\"><\/a><strong>Mitglied werden<\/strong><br \/>\nSie haben Interesse am Rudern? Schreiben Sie uns eine Email an: <a href=\"javascript:DeCryptX('3l0n1g0o1A0h2t3f2\/3k3d2n2n1f0.0d3h')\">in&#102;o&#64;&#104;r&#99;&#45;h&#97;ll&#101;.de<\/a><\/p>\n<p>&nbsp;<\/p>\n<p><a id=\"Partner und F\u00f6rderer\"><\/a><strong>Partner und F\u00f6rderer werden<\/strong><br \/>\nUm vor allem unseren Kindern- und Jungendlichen eine gesicherte ruderrische Ausbildung und Betreuung gew\u00e4hrleisten \u00a0sowie ad\u00e4quates Bootsmaterial zur Verf\u00fcgung stellen zu k\u00f6nnen, ben\u00f6tigen wir Ihre Unterst\u00fctzung.<\/p>\n<p>&nbsp;<\/p>\n<p>&nbsp;<\/p>\n","protected":false},"excerpt":{"rendered":"<p>Der Hallesche Ruderclub (HRC) besteht seit 1895. Mit dem Rudern kann man beginnen, sobald man kr\u00e4ftig genug ist, um ein Boot zu (mitzu-)tragen und auch wenn wir auf dem Wasser rudern, muss man schwimmen k\u00f6nnen. Ansonsten bieten wir Rudervergn\u00fcgen f\u00fcr Jung (Kinder- und Jugendsport) und Alt (Erwachsenensport). Dabei bietet der Rudersport einen Ausgleich zu \u00a0Schule, &hellip; <\/p>\n<p class=\"link-more\"><a href=\"https:\/\/hrc-halle.de\/?page_id=169\" class=\"more-link\"><span class=\"screen-reader-text\">\u201eDer Verein\u201c<\/span> weiterlesen<\/a><\/p>\n","protected":false},"author":2,"featured_media":0,"parent":0,"menu_order":0,"comment_status":"closed","ping_status":"closed","template":"","meta":{"footnotes":""},"_links":{"self":[{"href":"https:\/\/hrc-halle.de\/index.php?rest_route=\/wp\/v2\/pages\/169"}],"collection":[{"href":"https:\/\/hrc-halle.de\/index.php?rest_route=\/wp\/v2\/pages"}],"about":[{"href":"https:\/\/hrc-halle.de\/index.php?rest_route=\/wp\/v2\/types\/page"}],"author":[{"embeddable":true,"href":"https:\/\/hrc-halle.de\/index.php?rest_route=\/wp\/v2\/users\/2"}],"replies":[{"embeddable":true,"href":"https:\/\/hrc-halle.de\/index.php?rest_route=%2Fwp%2Fv2%2Fcomments&post=169"}],"version-history":[{"count":18,"href":"https:\/\/hrc-halle.de\/index.php?rest_route=\/wp\/v2\/pages\/169\/revisions"}],"predecessor-version":[{"id":723,"href":"https:\/\/hrc-halle.de\/index.php?rest_route=\/wp\/v2\/pages\/169\/revisions\/723"}],"wp:attachment":[{"href":"https:\/\/hrc-halle.de\/index.php?rest_route=%2Fwp%2Fv2%2Fmedia&parent=169"}],"curies":[{"name":"wp","href":"https:\/\/api.w.org\/{rel}","templated":true}]}}